at is 2a794 - -1a0?
2a964
In base 6, what is -1 + 352333053?
352333052
In base 4, what is 103033221130 + 11?
103033221201
In base 13, what is -114918 + -5c7?
-115212
In base 9, what is -2467 - 25246?
-27724
In base 3, what is 12001222122121 + 10?
12001222122201
In base 9, what is 18622 + -6828?
11683
In base 7, what is 450016 + 300?
450316
In base 6, what is 2 + -13142451?
-13142445
In base 9, what is -8 - -5833271?
5833262
In base 7, what is 20 - 22621410?
-22621360
In base 11, what is -a1a09 - -7?
-a1a02
In base 5, what is 3341201201 + -23?
3341201123
In base 12, what is -15 - -339957?
339942
In base 15, what is 747d + -1b?
7462
In base 8, what is 174 - 7737?
-7543
In base 3, what is -21210 - 21101000101011?
-21101000122221
In base 13, what is -4 + b8cb2c4?
b8cb2c0
In base 6, what is -24 + -215455423?
-215455451
In base 4, what is -1001 + 1030002312202?
1030002311201
In base 16, what is 4a2be + -5a?
4a264
In base 12, what is -183a002 - 3?
-183a005
In base 2, what is -11111100110011 - 1001001010?
-100000101111101
In base 11, what is -68 - 1a2159?
-1a2216
In base 7, what is -2406 + 124625?
122216
In base 15, what is 2a3 + -6a5c2?
-6a31e
In base 10, what is 3 - 13930605?
-13930602
In base 2, what is 11011 - 1010101000001011111110?
-1010101000001011100011
In base 13, what is -542 - 34237?
-34779
In base 15, what is 1846078 - 5?
1846073
In base 10, what is -10196543 + -3?
-10196546
In base 8, what is 2 + 13012455?
13012457
In base 12, what is 0 + -818b301?
-818b301
In base 6, what is 10 + -2140021103?
-2140021053
In base 16, what is -2 - -c6d0d?
c6d0b
In base 7, what is -1 + -140200011?
-140200012
In base 3, what is 21001220020 + -1002?
21001212011
In base 6, what is -15 - -35225141?
35225122
In base 2, what is 11000110100110101100101 + 101?
11000110100110101101010
In base 6, what is 1004 + -1412101?
-1411053
In base 6, what is -1 + -11003344?
-11003345
In base 11, what is 5244644a - -5?
52446454
In base 4, what is 231101 + -22101?
203000
In base 13, what is 5b3ab9 - 14?
5b3aa5
In base 4, what is 13131112121 - -1?
13131112122
In base 14, what is -635b09 + -c?
-635b17
In base 4, what is -31 - -32030233110?
32030233013
In base 11, what is 5 + -2a9127?
-2a9122
In base 7, what is -655 - 13501511?
-13502466
In base 12, what is -1b8b5 + 1225?
-1a690
In base 5, what is -2212443322 + 1?
-2212443321
In base 16, what is -6a - -1eb103?
1eb099
In base 2, what is 1 - -110000111001011000100011?
110000111001011000100100
In base 10, what is -1835581 + 14?
-1835567
In base 12, what is 1a93b7 - -13?
1a940a
In base 5, what is -123230430 + -144?
-123231124
In base 9, what is 53354 - -67212?
131566
In base 3, what is -112222 + -110220000?
-111102222
In base 9, what is 106475728 + -1?
106475727
In base 10, what is 1975 - 309?
1666
In base 2, what is -1000100110111110100 - 1000100?
-1000100111000111000
In base 13, what is -9cab016 + 4?
-9cab012
In base 8, what is 34403241 - 4?
34403235
In base 14, what is -68cc2 + 72?
-68c50
In base 13, what is 5 + 155b8c9c?
155b8ca4
In base 12, what is 4 + 787a204?
787a208
In base 10, what is 2174688 - -1?
2174689
In base 7, what is -135304 + -630?
-136234
In base 12, what is 1 + 500300?
500301
In base 6, what is 2 + -12303325221?
-12303325215
In base 5, what is -24 - 240001104?
-240001133
In base 11, what is -19994776 - -3?
-19994773
In base 8, what is -504622 - -365?
-504235
In base 16, what is -2 + 4b6e58?
4b6e56
In base 11, what is -95 + -77683?
-77768
In base 3, what is -1110100 + 1120210220?
1112100120
In base 15, what is -46468 - -192c?
-44a3b
In base 4, what is 0 + -3110222113313?
-3110222113313
In base 12, what is -29b48a60 - 4?
-29b48a64
In base 2, what is -1010010 - 1100110001101101?
-1100110010111111
In base 12, what is -197398 + 68?
-197330
In base 12, what is -2a620 + 19?
-2a603
In base 6, what is 424100040 + -12?
424100024
In base 11, what is -219 + 777?
559
In base 8, what is -30 + -1052141?
-1052171
In base 13, what is -48 - -1aac18?
1aaba0
In base 7, what is -4 + -30530626?
-30530633
In base 11, what is -181329519 + -1?
-18132951a
In base 11, what is a065788 + -8?
a065780
In base 10, what is -2205 + -137413?
-139618
In base 9, what is 50180516 + 27?
50180544
In base 8, what is 124141 + 15331?
141472
In base 9, what is -78 - 3256?
-3345
In base 11, what is 8224 - -31?
8255
In base 2, what is -10100101100000100000 - -10101110?
-10100101011101110010
In base 16, what is 446 - -40f56?
4139c
In base 6, what is 45330 + -13055?
32231
In base 11, what is 4 + 66aa032?
66aa036
In base 15, what is -e6688 - -10?
-e6678
In base 3, what is 11200222201110 - 2?
11200222201101
In base 2, what is -100100000000000100111 + -111?
-100100000000000101110
In base 12, what is 467 + 1206?
1671
In base 13, what is -884a26 - -51?
-8849a5
In base 4, what is -120003001221 + 1?
-120003001220
In base 8, what is 5423752 - -3?
5423755
In base 11, what is 24 + 3785003?
3785027
In base 5, what is 1033 - 431121403?
-431120320
In base 11, what is -1 - -2194625?
2194624
In base 5, what is 110412 + 31304300?
31420212
In base 12, what is -99 + 80b5b?
80a82
In base 14, what is 1d40095 + 1?
1d40096
In base 4, what is -13021022 - -133112?
-12221310
In base 10, what is 53489 + 694?
54183
In base 13, what is 193c8 + -304?
190c4
In base 13, what is -10 + -18a2913?
-18a2923
In base 9, what is -3236 + 17668?
14432
In base 15, what is 18eb - -327?
1c23
In base 9, what is 2075607 + -342?
2075255
In base 15, what is -16 - 1b661?
-1b677
In base 3, what is 20222101221201 - 1?
20222101221200
In base 15, what is 71743 - -7d8?
7202b
In base 15, what is 2a44d10 + 1?
2a44d11
In base 2, what is 10000100000110 - -110111111101?
10111100000011
In base 13, what is 26306 - -164?
2646a
In base 13, what is -3190bb + 25?
-319096
In base 4, what is -333333312021 - 122?
-333333312203
In base 15, what is -1419 - 9ad?
-1dc7
In base 10, what is -405633 + -41?
-405674
In base 12, what is 1 - -6486966?
6486967
In base 13, what is -27a1 + -5b?
-282c
In base 12, what is 162644a45 + 3?
162644a48
In base 15, what is -725a - -76?
-71d4
In base 5, what is -311311024 + -3?
-311311032
In base 10, what is -2272 + -3027?
-5299
In base 3, what is 201002102200021211 - 0?
201002102200021211
In base 15, what is 21a - -3c034?
3c24e
In base 3, what is 1 - -212101212111?
212101212112
In base 9, what is -363117 - 705?
-363823
In base 5, what is 233221333 - 102?
233221231
In base 13, what is -761 - 282?
-a13
In base 11, what is -1677962 - -141?
-1677821
In base 13, what is 26118 - 41?
260a7
In base 3, what is -101 - 10112002200001?
-10112002200102
In base 16, what is 1b5de9 - 3?
1b5de6
In base 4, what is -103022 + -233200?
-1002222
In base 2, what is 11100 - -11001111001101110110111?
11001111001101111010011
In base 16, what is -5b + e8def?
e8d94
In base 9, what is -11642816 - 8?
-11642825
In base 16, what is -1d26008 - d?
-1d26015
In base 3, what is -12 - -20021011221010201?
20021011221010112
In base 12, what is -54096955 + 0?
-54096955
In base 6, what is -530 + -20350120?
-20351050
In base 4, what is 3020 - 20032320?
-20023300
In base 6, what is -3311044 + -4?
-3311052
In base 12, what is 39b00 - 8274?
31848
In base 2, what is 1000111111010111000111 - 11000?
1000111111010110101111
In base 14, what is dd6 + 114b9?
124b1
In base 9, what is -20736173 - -12?
-20736161
In base 5, what is -104 - -2141323?
2141214
In base 8, what is -50107 - 2456?
-52565
In base 4, what is -21020 - 110102?
-131122
In base 9, what is -43041343 + -5?
-43041348
In base 10, what is -27060 - -26?
-27034
In base 15, what is 6ede09e + 4?
6ede0a3
In base 12, what is -268564 + 230?
-268334
In base 6, what is 150414 - -1313?
152131
In base 4, what is 11 + 21010330231122?
21010330231133
In base 3, what is 100221011201220 - -2?
100221011201222
In base 12, what is -4794 - 57ba?
-a392
In base 12, what is 44 - -112401?
112445
In base 8, what is -10337216 + -317?
-10337535
In base 2, what is 10100 + -1000111010110110100?
-1000111010110100000
In base 3, what is 1120001002220020 - 1?
1120001002220012
In base 13, what is 2 - 233215?
-233213
In base 13, what is -c2b4930 - 3?
-c2b4933
In base 7, what is 302624423 + 4?
302624430
In base 14, what is 0 - 89a5a5?
-89a5a5
In base 16, what is -6516c + 10?
-6515c
In base 7, what is -2203 + 62230?
60024
In